lue of (1 - 3) + (-4 + 8 - -58 - (21 - 7))?
46
Evaluate -59 - (-67 + -70) - 199.
-121
What is (-3 - (-6 + 10)) + (50 - -1) + 14?
58
-33 + 66 + -15 - -36
54
Evaluate 1 - 27 - (150 - -13 - 156).
-33
What is the value of 15 - 7 - (189 - 197)?
16
Calculate 13 - (-39 + 61) - 6.
-15
Evaluate -37 - (22 + 47 + -99).
-7
Calculate 37 + (-56 + 9 - -55).
45
Evaluate -25 - (77 - (4 + 38)).
-60
47 - -1 - (-195 - (89 + -203))
129
Calculate 83 - ((46 - 20) + 77).
-20
Calculate (-3 - 40) + (-16 - -47).
-12
27 + (-37 + -31 - -36) + 56
51
What is the value of 34 - 0 - (-7 + (15 + 10 - 17))?
33
-39 - -1 - (361 - 378)
-21
What is (-43 + 2 - -16) + 16 + -55?
-64
Evaluate -14 - -3 - ((15 - 6) + -3 + -7 - -9).
-19
What is -136 + 57 - (-20 + -11)?
-48
What is the value of (-85 - 3) + 19 - (-16 - 0)?
-53
9 - (-36 - -22 - -13) - (1 - 2) - 69
-58
Evaluate 2 - (-46 - 0 - (8 - (18 + (-18 - -3)))).
53
What is 5 + -17 + 12 + -12 - (54 - 63)?
-3
Evaluate 39 + -54 + 22 + 38.
45
17 - (-105 + 68) - 85
-31
What is the value of 25 - 1 - (97 - 112)?
39
What is the value of 8 - (68 - ((-2 - -2) + -1) - (-9331 + 9323))?
-69
What is the value of 66 + -8 + 13 - (1 + (6 - (1 + 16)))?
81
What is the value of 104 + -13 + (-51 + 30 - -22) + (1 - -12)?
105
Calculate -457 - -472 - (4 - 0 - -14).
-3
What is -91 + -9 - (985 + -1074)?
-11
What is the value of -3 - (-6 + (-11 - (-65 - 5)))?
-56
-12 + (-9 + 10 + 7 + -10 - (-2 + 3))
-15
Evaluate -19 - (-12 + 47) - (1 - (-4 + -6)).
-65
Calculate -32 + -1 + 1699 + -1579 - -18.
105
Evaluate 17 + (2 - (-3 + 3)) + (-12 - (-49 - -36)).
20
Evaluate -59 + 84 - 54 - -46.
17
What is 83 + -14 + (9 - 21) + -7?
50
(-9 - 2 - (30 + -27)) + -7 + -4 - -1
-24
Calculate -7 + (52 + 8 - (7 + 1 + -4 + -1)).
50
-13 + (0 - -13) + (3 - (11 - 16))
8
((32 - 11) + -9 - (-1 - 3)) + 2 + -8
10
Calculate (4 - 1) + -20 + (93 - 88) - -53 - 7.
34
Evaluate -100 + 21 + (-19 - -35 - 17).
-80
What is the value of 16 + (-10 + (-4 - -20) - (15 - (-3 - -8)))?
12
Evaluate 86 + 3 + (236 - 143 - 77).
105
(-6 - (-3 + 0)) + 53 - (-30 + 76 + -36)
40
Evaluate (0 - 5 - (143 + -145) - 1) + 0.
-4
Evaluate 3 + -7 + -83 + -1 + 1 + -903 + 911.
-79
What is 62 + 1 - ((-6 - -74) + -63)?
58
What is -3 + 2 + 24 - (-2406 + 2419)?
10
What is 30 + 0 + -2 + (-7 - (-1 - 7)) + -3?
26
Evaluate 20 + (-92 - -50) + 81.
59
What is (1 - (6 - (-14 - -8) - 24 - -16)) + -33?
-36
What is the value of 128 + -2 + (55 - 26) + 28 + -72?
111
Calculate 89 + (-22 - (-20 + 27 + -13)).
73
Calculate (-2 - -3 - (223 + -213)) + 6.
-3
What is the value of 0 - 61 - (129 - 289)?
99
Evaluate 90 + -79 + 1 + -73 + 1 + 9.
-51
What is the value of 14 - (-39 + -11 + 16 + (-15 + 1 - 5))?
67
What is -31 + (39 - -13) + 3 + 29?
53
Calculate 14 + (9 - -1) + (-211 - -197) + 3.
13
What is the value of -166 - (87 + -239 + 88)?
-102
Evaluate 4176 - 4159 - (16 - (0 - 1)).
0
-255 + 197 - (9 - 10)
-57
-9 - -90 - -18 - 80
19
Calculate (1 - -6) + (-4 - -30 - (-3 - -6)).
30
Evaluate 100 + (-202 - (-138 - -59)).
-23
Evaluate -16 + (1 - ((-16 - -31) + -36)).
6
(7 - (0 + (-11 - -5))) + (-2 - (10 + -1))
2
Calculate 39 + 1 + 2794 + -2859.
-25
What is -208 + 91 + 25 - -133?
41
-77 + (-84 - (-203 - 14))
56
Calculate 90 + -3 + (-2 - (1 + 0)) - (-523 - -531).
76
What is the value of -1 - 21 - (237 + -239)?
-20
Evaluate 1 + 49 - 14 - 66.
-30
What is (-21 - (-115 - (23 - 45))) + 23?
95
4 - (2 + 0) - (38 + -62 - 12)
38
What is the value of 66 + (-52 - (-51 - 11))?
76
(-2 - (-14 - 2)) + -207 + 213 + 13
33
What is (1 - 14) + (4 - 1) + 767 + -760?
-3
What is (2 - 36) + (5800 - 5871)?
-105
What is 462 - 451 - (-1 - -12) - (87 - 6)?
-81
-51 + ((-23 - (-47 - -36)) + 20 - (1 + 13))
-57
What is -5 + -89 + -3 - (21 - (-2 + 42))?
-78
Evaluate 36 + (-2 - (3 - 2)) - (1385 - 1376).
24
Evaluate -12 + 14 + -19 + -15 + 0.
-32
What is the value of (-40 + 68 - 37) + (-36 - 0)?
-45
Calculate 0 - -10 - (-10 + -22 + 30 + -1 + 6).
7
Calculate 8 + 46 + (3 - 44) + -78.
-65
Calculate 455 - 448 - (4 + -3 + -4 - -2).
8
111 - (184 + -101 + 39)
-11
125 - (-94 - -253) - -103
69
6706 + -6717 + 12 + 0
1
What is -17 + 7519 + -7530 + 84 + (1 - -1)?
58
-13 + 21 + -11 - (-1 + 4 + -1 - 29)
24
Evaluate (-11 - -1) + 6 - 6 - 36 - 5.
-51
Evaluate (45 - 25 - (21 - -10 - -7)) + 29.
11
-62 - ((-28 - -53) + -14 - (9 - (4 - 4)))
-64
Calculate -10 + -1 - (15 - (-2 - -4)) - -2.
-22
-2 - (-11 + (-54 - -56)) - (-78 + 1 + -2)
86
48 + ((12 + 0 - -8) + -5 - 5)
58
Calculate (-6 - -3) + -17 + (11 - -15) - -12.
18
What is the value of 8 + -13 + (-8 - -26 - (1 + 3)) + -1?
8
What is (146 - 152 - (6 + 2)) + 14?
0
Evaluate -17 + 10 + (21 - 53) - 14.
-53
Evaluate 4 - (-40 + -2 + (14 - 14 - 1)).
47
30 - 51 - (-68 - 7)
54
Calculate -17 + (37 - (6 - (13 - 18))).
9
What is (-2090 - -2070) + (-1 - (-1 + -74))?
54
What is the value of (-1 - (6 + -17 + 24 + -7)) + -58?
-65
-1 + (6 - 6 - (-67 - -43))
23
Evaluate -2 - ((-78 - (-4 + 1 - -14)) + -4).
91
What is the value of 72 - (8 - (12 + 15 + -46))?
45
64 - (98 + -66 + -21)
53
1 + -7 - ((-26 - -22) + 15 - (1 + -2))
-18
What is the value of (-3 - -86) + 0 - (-4183 - -4191)?
75
What is 0 + -19 + -376 + 387 + (-1 - -2)?
-7
Calculate (48 - 15) + 6 + -54.
-15
Calculate 60 - ((70 - 146) + 93).
43
Calculate 128 - 0 - (-120 + 60 - -91).
97
Evaluate 1 + 16 - (-86 + (41 - -50)).
12
What is 41 - (-6 - (18 + -64))?
1
What is 11 + (-3 - -2) + -43 + 81?
48
-1 + (-4 - (12 + 19)) - -16
-20
What is 8 - (52 + -30) - (-22 - 13)?
21
What is -60 - (33 - -10 - 89)?
-14
Evaluate -2 + (-19 - (-23 - -7)) + 11 + 2.
8
Calculate 0 + 11 - (182 + -183) - -11 - 16.
7
What is -16 + (8 - 0) - ((19 - 13) + -42 - 5)?
33
Calculate 7 + (2 - (0 - -5) - -5) - 11 - 8.
-10
What is 51 - (25 - (12 - (-27 + -10)))?
75
What is the value of -41 + 40 + -80 - -18?
-63
Evaluate -45 - (-6 + (-13 - 43)).
17
Evaluate 25 - (11 - (-105 + 52)).
-39
What is (-27 - (-12 - (-42 + 10))) + 11 + -1 + 6?
-31
What is -3 + 86 + (-6 - (6 - -3)) + 9?
77
Evaluate 67 + 5 + 14 - (11 - (18 - 14)).
79
Calculate -48 - (-65 + 63 + -2).
-44
Evaluate -1 - 91 - ((-4 - -2) + 18 + (-644 - -616)).
-80
Calculate -22 + 18 + (26 - (12 + -27)).
37
What is -8 + (23 - (68 + 51))?
-104
What is -74 - ((41 - 102) + 68)?
-81
Evaluate 9 - (-2 - (-2 - 0) - -4 - (-246 - -206)).
-35
Calculate 21 + (-21 - (40 - (16 - -2))) + -33.
-55
What is 17 - (54 - (9 + 4 + -10))?
-34
What is the value of -280 + -107 + 236 + 86?
-65
What is the value of -2 + -33 - -1 - ((396 - 193) + -192)?
-45
What is the value of 33 + (1 - 1) + -43 + 41 + 52 + -49?
34
What is the value of -59 + (70 - 16) + 1 + 0 + -30?
-34
What is -106 + 73 + 28 + -2 + -11?
-18
What is the value of (22 - -28) + 3 + 17 + -22?
48
Evaluate (1 - (27 + (-13 - -7))) + 7 + 2.
-11
13 + (14 + -20 - -5 - -20)
32
What is the value of (-186 - 1) + (-7255 - -7412)?
-30
What is 31 + 24 - -4 - (-5 + -1 + 7)?
58
Calculate (-153 - -185) + 14 + -47 + 85.
84
What is 57 - (8 + -54 + 63)?
40
Calculate (88 - 141) + 76 + (0 - -35) - (2 - -1).
55
(-12 - (-7 + (10 - 136))) + 6 + (-39 - -26)
114
What is the value of -7 + 6 + (-37 - 6) + -7 - (4 - -1)?
-56
-14 + 8 + 10 + 14 + 29 + -2 + 12
57
Calculate -27 + -8 + 19 + (36 - 20).
0
Evaluate -3 - (-85 + 34 + 29).
19
What is the value of 60 + -75 + 7 + 16 + 1 + 4?
13
Calculate 499 + -532 - (-72 + 8).
31
Evaluate (-39 - -55) + -1 + -57.
-42
(23 - (-6 + 44)) + -7 + -16
-38
Evaluate -46 - 15 - -104 - 63.
-20
Evaluate -4 + 38 + (-19 - -32).
47
0 - (6 + -1 + -2 + 8 + 15) - -4
-22
What is 73 - 1 - (10541 - 10535)?
66
What is -249 - -276 - (5 - 23)?
45
What is the value of 0 - (-12 + -8 + 13 + -14 + 8)?
13
What is the value of 166 + (-12 - (-11 - -23 - -23))?
119
-89 + 110 - (59 - 89)
51
Evaluate -17 + (29 + (-53 - -27) - (-10 + 0 + 2)).
-6
Calculate (-1 - ((-14 - -25) + -14)) + -2 + 1 + -39.
-38
Calculate (-6 + 13 + -14 - 0) + -6 + -84 + -1.
-98
(37 - (30 + -13 - -1) - 21) + -95
-97
Calculate 1 + 29 + 1 + (14 - -4) + -2.
47
What is -103 + (118 - -63 - -10)?
88
-51 - (27 + (23 - 40 - 8))
-53
-40 - ((0 - 2) + -4 - (58 + -58))
-34
What is the value of -31 + (35 - -39) + 66?
109
Calculate 24 + -34 + 14 + -4.
0
(17 + -10 - 5) + (33 - 2 - (13 + -10))
30
Evaluate -38 + 3 + -12 + 3 + 11.
-33
Evaluate 48 - (23 - 34 - -71) - (-63 - (0 - 2)).
49
What is the value of (52 - (4 - 2)) + (0 - (-1 + (-2 - -12)))?
41
What 